-t. Let x be t + 47*(-1 + 2). Calculate the highest common divisor of x and 6.
6
Suppose 37 - 13 = 4*a. Let q be ((-3)/6)/(a/(-2496)). Suppose q = 4*b - 2*b - 2*v, -5*b + 3*v + 528 = 0. Calculate the greatest common divisor of 12 and b.
12
Let v be (4/3)/((-92)/(-1794)). Suppose v*d - 22*d - 168 = 0. What is the highest common divisor of d and 21?
21
Let x(m) = -m**2 + 9*m - 24. Let d be x(5). Let s be 6/d - ((-294)/4)/7. Calculate the greatest common divisor of s and 207.
9
Suppose -842 = -2*z - 3*i, -4*i + 2960 = 21*z - 14*z. What is the greatest common divisor of 10 and z?
2
Suppose 0 = -28*c + 33*c. Suppose c = 8*q + 5 - 21. Calculate the highest common divisor of 98 and q.
2
Let b(n) = 50*n - 245. Let f be b(5). Suppose 3*r + 3*s = 336, 0 = 3*s - 2*s + f. Calculate the greatest common factor of 312 and r.
39
Suppose -649 = -5*q + 61. Suppose -82 = d - q. Suppose 11*s + d = 15*s. Calculate the greatest common factor of 120 and s.
15
Let h(a) = 5*a**2 + 6*a - 2. Let k be h(5). Suppose -4*u = 5*u + k. Let r = u - -19. Calculate the highest common factor of r and 7.
1
Suppose 31 = l - 5. Let d = 257 - l. What is the greatest common divisor of d and 119?
17
Suppose 551*f = 546*f. Suppose 3*m + w - 292 = f, m = -w - 2*w + 84. Calculate the greatest common factor of m and 33.
33
Suppose -23*o + 1817 = -1794. Let p(a) = 29*a + 4. Let r be p(3). Let k = o - r. Calculate the greatest common factor of 44 and k.
22
Let t = 1009 - 680. Let p = -152 - -293. Calculate the highest common factor of p and t.
47
Suppose -2*n + 16 = 4*t, 2*t = 4*t - n. Suppose 177 = t*d + g - 0, 5*d - 4*g = 462. What is the greatest common divisor of 40 and d?
10
Let j(u) = -7*u + 3. Let c(r) = 71*r - 31. Let v(z) = 4*c(z) + 44*j(z). Suppose -4 + 1 = 3*p. Let k be v(p). Calculate the greatest common divisor of 8 and k.
8
Let z(y) = 15*y**2 - 8*y + 25. Let r be z(2). What is the greatest common divisor of 15 and r?
3
Let f be 7*-2*456/(-798). What is the highest common factor of 4064 and f?
8
Let x = 4 + 0. Suppose -t + x = 1. Suppose 0*b + 12 = t*b, -5*m = 2*b - 48. Calculate the highest common divisor of m and 12.
4
Let u be ((-1440)/(-2))/((-302)/(-1359)). What is the greatest common factor of 6 and u?
6
Let m = 174 + -115. Let s = m + -58. Let a be 3 + s - (-6 - (19 + -5)). What is the greatest common factor of 36 and a?
12
Suppose -4*x = -83*r + 81*r - 100, x + 4*r = 7. Let z = -103 + 264. What is the greatest common divisor of z and x?
23
Let b = 7 - 1. Let r(a) = a + 2. Let j be r(b). Suppose -j*i = -i - 133. Calculate the highest common factor of i and 209.
19
Let y be (-64)/20*-1*(2 + 23). Suppose 2*a - 74 - y = 0. Let x be (-96)/(-4) - 4/2. Calculate the highest common divisor of a and x.
11
Suppose -23*g - 33*g = 52*g - 54432. Calculate the highest common divisor of g and 864.
72
Let r(o) = o**3 + 6*o**2 + 4*o. Let t be r(-4). Let y(c) = -2*c + 20. Let d be y(9). Suppose -5 + 1 = -d*v. Calculate the greatest common divisor of t and v.
2
Suppose 25 = -7*n + 12*n. Suppose 0*o + 695 = n*o. Let g = -114 + o. What is the highest common factor of g and 275?
25
Let w be 1 - (-7 + (0 - 2)). What is the highest common factor of w and 955?
5
Let m(j) = -j**3 - 48*j**2 + 54*j + 283. Let q be m(-49). What is the highest common divisor of q and 3287?
19
Suppose -3*o = -5*p + 1363, 5*p + 12*o - 9*o - 1387 = 0. Calculate the highest common divisor of 200 and p.
25
Suppose 82 = 3*v - 4*q, 0*q - 3*q = 2*v - 49. Suppose -2363*b + 2367*b = -h + 2591, 0 = 5*b + 3*h - 3223. What is the highest common factor of v and b?
26
Suppose 738*f - 83328 = 714*f. What is the greatest common factor of f and 70?
14
Let v be (-52)/(-13) - 1/1. Suppose -35 = -2*m - v*m. Let x = -183 - -316. What is the greatest common factor of m and x?
7
Suppose 5*r = -25*n + 22*n + 72, 4*r - 4*n - 96 = 0. What is the highest common divisor of r and 1863?
9
Suppose 0 = -3*t + 8*t + 4*x - 2702, 2160 = 4*t + 4*x. Suppose 4*w - t + 30 = 0. Let s be (2 - -1)*(-32)/(-6). What is the greatest common factor of s and w?
16
Let k = -2 + -49. Let d = 58 + k. Let m be (3/(-9))/(d/(-189)). What is the greatest common divisor of m and 1?
1
Let p(k) = -7*k + 234. Let b be p(32). Suppose -3*h + 668 = 4*t, 25 = -b*t + 15*t. Calculate the highest common factor of 162 and h.
54
Let q = 4 - -16. Let j(g) = g**2 - 16*g - 5. Let y be j(q). Suppose 5*s + 80 = 5*u - 255, -3*s = -u + y. Calculate the greatest common divisor of u and 9.
9
Let o be (47 + 7)*(-7)/(-3). Suppose 0*i - 11*i - 88 = 0. Let n be ((-132)/i)/11*(-56)/(-6). What is the highest common divisor of n and o?
14
Suppose -8*d = -4*d - 168. Suppose -u = -2*u + 10*u. Suppose -m + 152 + 142 = u. Calculate the greatest common factor of d and m.
42
Let r be 624/(-130)*(-70)/4. Suppose 2*w + f - r - 1064 = 0, 0 = -4*w + 5*f + 2268. What is the highest common divisor of w and 52?
52
Suppose -5*o = 2*l - 25, -12*o + 9*o - 2*l + 19 = 0. Suppose 1 = 4*z - o*z - 3*h, -2*z + 5*h = -4. What is the greatest common factor of 7 and z?
7
Let z = -8 + 6. Let g be -72*((-4)/(-3))/z. Let d(w) = w**3 - 28*w**2 - 229*w + 124. Let t be d(-7). Calculate the greatest common divisor of g and t.
12
Let n(t) = t**3 - 12*t**2 - 18*t - 218. Let j be n(26). What is the greatest common divisor of 21 and j?
21
Let y(h) = 113*h**2 + 8*h. Let x be 7 + 3 + -8 + -1*3. Let f be y(x). Calculate the greatest common divisor of f and 21.
21
Let b be 14 + (-2 + 3)/1. Suppose -2808 = 6*o - b*o. What is the highest common factor of 24 and o?
24
Suppose 8*a + 6*a = -207*a + 195364. What is the greatest common factor of a and 289?
17
Let v(d) = -154*d + 45. Let w be v(-10). Let g = -996 + w. Calculate the greatest common factor of 31 and g.
31
Suppose -s + 166 = -5*g + 12*g, 612 = 3*s + 2*g. Calculate the highest common divisor of 884 and s.
52
Suppose -19*s + 11*s = -968. Suppose 3*v - s = -5*z, -7*z + 2*z - 5 = 0. Let i = 802 + -466. What is the greatest common factor of i and v?
42
Let n be -28*72/63*8/(-32). What is the greatest common factor of 1000 and n?
8
Let x be (54/(-30) - 1)/(2/(-5)). Suppose 2*y + x*w - 5*w = 380, w + 2 = 0. What is the highest common divisor of 6 and y?
6
Let i(p) = -97*p + 710. Let y be i(-64). What is the greatest common factor of 6 and y?
6
Let f = 514 - 489. Suppose f*z - 13*z - 840 = 0. Calculate the greatest common divisor of z and 105.
35
Suppose -2*s = -4*u - 1588, 2459 = 43*s - 40*s + 5*u. What is the greatest common divisor of 88 and s?
8
Suppose -5*u - 3*b + 2*b + 246 = 0, 4*u = 3*b + 212. Suppose -25*d - 37800 = -72*d + 19*d. Calculate the greatest common divisor of u and d.
50
Suppose 0 = -4*c - 3*b + 6226, -134*c + 133*c + 1564 = 2*b. What is the greatest common divisor of c and 64?
16
Let n(r) = 5*r + 94. Suppose 12*w = 8*w - 40. Let l be n(w). Calculate the highest common factor of 8 and l.
4
Let u = 14299 + -12966. What is the greatest common factor of u and 155?
31
Let y = 1762 - 1693. What is the highest common divisor of y and 75?
3
Let r be -1 - (0 + 3 + 214). Let c = r - -314. Suppose -b + 5*b = c. What is the highest common divisor of 144 and b?
24
Let j(x) = 2*x**3 + 14*x**2 + 6*x - 16. Let c be j(-5). Suppose 0 = t - c + 2. What is the greatest common factor of 13 and t?
13
Let d be (-7)/7 - (-2825 - 8/4). Calculate the greatest common factor of 18 and d.
18
Let q = 6118 - 5231. Calculate the greatest common divisor of 1 and q.
1
Let l = -3784 - -2674. Let g be (32/24)/((-4)/l). Calculate the greatest common factor of g and 10.
10
Suppose -5*a = -5*q + 81 + 19, -2*a = 5*q - 79. Suppose 0 = t - q*t + 1104. What is the highest common factor of t and 92?
23
Let f(m) = 21*m**3 + 78*m**2 - 8*m - 23. Let q be f(-3). Calculate the highest common divisor of 1717 and q.
17
Let t be (-63)/1*(-6750)/1050. Calculate the greatest common divisor of t and 80.
5
Suppose 0 = 8*r - 408 - 6969 - 4375. Calculate the highest common factor of r and 791.
113
Let p be (66/10)/((-16)/(-80)). Suppose 28*h + 1445 = p*h. What is the highest common divisor of h and 17?
17
Let z(r) = r**3 + 49*r**2 - 160*r + 13. Let t be z(3). Let p = 31 - 19. What is the greatest common divisor of t and p?
1
Let i(w) = -2*w + 6. Let q be i(1). Suppose 0 = -4*d - 2*p + 22, d + 7*p = q*p + 13. Calculate the 